 t(b) = 5*b + 9. Let h = -11 - -6. Let q(r) = -3*r - 6. Let k(l) = h*t(l) - 7*q(l). Calculate the remainder when 8 is divided by k(-2).
3
Let q be (2 + 1)*1/3. Let h be -2 - q*(-2 + 2). What is the remainder when 37 is divided by 26/(0 - h - 0)?
11
Let v(o) = o**2 - 10*o - 8. Suppose 0*a - a = 0, 5*a = -5*g + 60. Suppose 0*l + 4*l - 188 = 0. Calculate the remainder when l is divided by v(g).
15
Let y = -13 - -22. Let d(b) = b**3 + 3*b**2 + b - 2. Let z be d(-2). What is the remainder when 15 is divided by z + y + 3 + -3?
6
Let a = 3 - -4. Let q = a + -2. Suppose -2*g - 2*f + 8 = 0, -3*g + 3 = q*f - 1. What is the remainder when g is divided by 5?
3
Suppose 5*n - 58 = 82. Calculate the remainder when 82 is divided by n.
26
Let r(h) = -h - 3. Let t(s) = -7*s**2 + 1. Let v be t(-1). Calculate the remainder when (-2)/v - (-38)/3 is divided by r(-8).
3
What is the remainder when 104/6*3 - -1 is divided by 14?
11
Let y = -64 - -106. What is the remainder when y is divided by 15?
12
Let r = -64 - -97. Calculate the remainder when r is divided by 18.
15
Let i(t) = 8*t + 1. Suppose 0 = 4*x - 4*v - 28, 2*v = -4*x - 2*v + 12. Suppose -5*s = -36 - 34. Calculate the remainder when i(x) is divided by s.
13
Suppose -4*m + 73 + 59 = 0. Calculate the remainder when m is divided by 12.
9
Let i(m) = -m**3 - 12*m**2 - m + 5. What is the remainder when i(-12) is divided by 10?
7
Let u = -24 - -54. What is the remainder when 89 is divided by u?
29
Let j(t) = -4*t + 5. Let z(o) = -o + 4. What is the remainder when j(-5) is divided by z(-5)?
7
Let h(k) = k**2 - 6*k + 4. Let v(p) = p**2 + 11*p - 6. Let u be v(-12). Calculate the remainder when h(u) is divided by 2.
0
Let b(j) = 2*j**3 + 7*j**2 - 2. What is the remainder when 10 is divided by b(-3)?
3
Let i(v) = 54*v - 1. Let h be i(1). What is the remainder when 1*-2*h/(-2) is divided by (-73)/(-4) + (-4)/16?
17
Let f = 57 - 22. Let g(a) = a**3 - 7*a**2 + a + 5. Let o be g(7). Suppose o = 2*n - n. What is the remainder when f is divided by n?
11
What is the remainder when 91 is divided by 1/(-3)*(3 - 96)?
29
What is the remainder when 41 is divided by ((-20)/(-6))/((-2)/(-9))?
11
Let z = -159 - -184. Calculate the remainder when z is divided by 20.
5
Suppose -6*r = -0*r - 42. Suppose 0 = -2*d + 2, 4*n + 3*d - 12 = -d. Suppose -u = 4*u - q - 64, -20 = -n*u - q. What is the remainder when u is divided by r?
5
Let z(g) = 2*g - 5. Let p be z(5). Suppose -5*a + p = -4*b, 3*a + 5 = 2*b + 2*a. Calculate the remainder when 9 is divided by b.
4
Let r(i) = i**3 + 6*i**2 + 2. Suppose -5*w - 4 = -24. Let v(y) = y**2 - 2*y - 5. What is the remainder when v(w) is divided by r(-6)?
1
Let w = 13 - 0. What is the remainder when 48 is divided by w?
9
Let b(j) = j**2 - 2. Let t(k) = 5*k**2 - 3*k - 1. Let r be t(3). Suppose 8*o - r = 3*o. Calculate the remainder when o is divided by b(-2).
1
Let z(t) = t**3 + t**2 + 5*t + 3. Calculate the remainder when z(4) is divided by 26.
25
Suppose q - 120 = 4*o, 4*o + 26 + 94 = 2*q. Let b = 50 + o. Calculate the remainder when b is divided by 11.
9
Let l = 305 - 93. Calculate the remainder when l is divided by 43.
40
Let h(r) = 7*r - 1. Let k be h(5). Let a = -22 + k. Calculate the remainder when 23 is divided by a.
11
Suppose 5*h = -g + 14, -3*g - 14 = -0*g + h. Let j(d) = -6*d - 2. Calculate the remainder when j(g) is divided by (12/(-20))/((-1)/20).
10
Let a = 20 + -13. Let i = 51 - 19. What is the remainder when i is divided by a?
4
What is the remainder when 4/(-14) + (-6460)/(-70) - -1 is divided by 32?
29
Suppose 0 = o - 4*x - 32 - 34, -2*o + 135 = -5*x. Calculate the remainder when o is divided by 15.
10
Let n = -8 - -11. Let k = -2 - -12. Calculate the remainder when k is divided by n.
1
Let d be (3 + -4 - -2)*-9. Let q = 14 - d. Calculate the remainder when q is divided by 12.
11
Let r(l) = -l**2 + l - 1. Let w be r(3). Let k(d) = 6*d - 6. Let z(b) = b - 1. Let s(o) = -k(o) + 2*z(o). What is the remainder when s(w) is divided by 17?
15
Let u(f) = 3 - 5 + 6*f + 4. Calculate the remainder when u(4) is divided by 58/4 + (-3)/6.
12
Suppose -5*a + 71 = 5*j - j, 73 = 4*j + 3*a. Suppose 2*g + j = 3*g. Calculate the remainder when g is divided by 10.
9
Let f = -33 + 55. Suppose 0*p = 3*p + 1908. Calculate the remainder when f is divided by p/(-54) - (-2)/9.
10
Suppose 26*z - 21*z - 220 = 0. What is the remainder when z is divided by 8?
4
Let f(d) = -d**2 - 12*d + 6. What is the remainder when (-136)/2*6/(-8) is divided by f(-10)?
25
Let w = -12 + 23. Let b = -61 - -93. Calculate the remainder when b is divided by w.
10
Calculate the remainder when 131 is divided by (-20)/8 - -3 - (-265)/10.
23
Let o = 0 + 3. Suppose -3*y + 135 = 3*d, y + o - 1 = 0. What is the remainder when d is divided by 12?
11
Suppose 0 = d + d + 4*o - 46, o - 79 = -5*d. What is the remainder when 55 is divided by d?
10
Let x(h) = h**2 - 2*h + 5. What is the remainder when 86 is divided by x(-4)?
28
Suppose 0 = 5*f + 76 - 1086. Calculate the remainder when f is divided by 17.
15
Suppose -l = -2*q + 24, -q + 0*l + 4*l + 26 = 0. Let r(j) = j**2 + 2. Calculate the remainder when r(4) is divided by q.
8
Let g(s) be the second derivative of s**6/180 - s**4/12 - 2*s. Let z(r) be the third derivative of g(r). Calculate the remainder when 34 is divided by z(3).
10
Suppose -110 = -2*a - 5*j, 0 = -4*a + 4*j + 47 + 201. Suppose -a = -2*z - 3*z. Calculate the remainder when 46 is divided by z.
10
Let k be (-53)/11 + (-12)/66. Let w = k + 28. Calculate the remainder when 68 is divided by w.
22
Let f = 73 - 62. Calculate the remainder when 75 is divided by f.
9
Suppose 0 = -5*i + 4*i + 52. Calculate the remainder when i is divided by 14.
10
Suppose -4*h + 11 = -u - 0, 2*h + 4*u - 28 = 0. What is the remainder when h is divided by (5 - -1)*2/3?
0
Let y(q) = 5*q + 7. Let k be y(-5). Let w = -9 - k. Calculate the remainder when w is divided by 5.
4
Suppose 29 = -4*h - 3*m, 5*m = h - 6*h - 35. What is the remainder when 62 is divided by h*3/(-6)*4?
14
Let z(m) = 8*m**2 + 2*m + 1. Suppose -3*s - 6 = 3*c, 0 = -3*c + 5*s + 2. What is the remainder when z(c) is divided by 4?
3
Suppose b + r - 25 = 6*r, -2*b - 5*r + 35 = 0. Calculate the remainder when b is divided by 11.
9
Suppose 0 = 5*b + 10, -2*w - 4*b = -w + 7. Let d(k) = 2*k + 2. What is the remainder when d(4) is divided by 4 - (0/(-1))/w?
2
Suppose -55 = -4*m - m. What is the remainder when m is divided by 6?
5
Suppose 0 = 3*h - 16 + 4. Suppose 0 = 2*z + 1 - 5. What is the remainder when h is divided by z?
0
Suppose 60 - 10 = 5*z. Suppose 4*l + 3 = y, 5*y = -l - 3*l + 111. Calculate the remainder when y is divided by z.
9
What is the remainder when 15 is divided by 12/(-42) + 58/7?
7
Let f = -17 + 26. Suppose 6*d + 2*j - 30 = 2*d, 0 = 5*d - 3*j - 10. What is the remainder when f is divided by d?
4
Let m(p) = 2*p**2 - 5*p + 3. Let a be (-5)/(-20) - 11/(-4). What is the remainder when 3 - (-14)/(-4)*-4 is divided by m(a)?
5
Let r(w) = 14*w + 25. Calculate the remainder when r(8) is divided by 20.
17
Let p = 6 - 4. Let b = 2 + 9. What is the remainder when 21 - p/(-1) - 2 is divided by b?
10
Let j = 1006 + -694. Suppose 0 = 5*n - j + 7. Suppose -28 = 2*d - 70. What is the remainder when n is divided by d?
19
Suppose -15 = 5*r + 55. Let i = 37 + r. Calculate the remainder when i is divided by 8.
7
Suppose -5*u = 4*j - 12, 2*j = 3*u - 6*u + 6. Suppose j*w = -w + 20. Let n(z) = z**3 + 4*z**2 + 2. What is the remainder when w is divided by n(-4)?
1
Let s = 111 + -74. Suppose -3*a = a - 52. What is the remainder when s is divided by a?
11
Suppose 2*c + 105 = 7*c. Suppose 16 = 6*z - 20. Calculate the remainder when c is divided by z.
3
Let m(i) = i + 21. Suppose 2*z - 24 = 5*z. What is the remainder when m(z) is divided by 7?
6
Suppose -5*i - 140 + 45 = -2*a, -2*i = -2. Calculate the remainder when 145 is divided by a.
45
Suppose 67*v = 66*v + 35. Calculate the remainder when v is divided by (-2)/(-5) + 176/10.
17
Suppose -2*d - 8 = 0, -2*i + 3*d - 12 = 7*d. Let o = -7 + 7. Suppose -4*p = 4*t - 20, o*t + 5 = 5*t - 5*p. What is the remainder when t is divided by i?
1
Suppose -37 = 5*n + 3*z - 1157, 4*z = 2*n - 474. Suppose n + 85 = 4*t. What is the remainder when t is divided by 27?
24
Let x = -